 of 33 and m?
11
Let v(z) = 3 + 4*z + 0 + 3*z. Suppose q + 45 - 48 = 0. Let l be v(q). Calculate the highest common factor of l and 12.
12
Let n = 51 - 36. Suppose -g + 11 + 12 = 4*h, -83 = -3*g - 5*h. Suppose -m = 2*c - g - 78, 0 = -2*m - c + 212. Calculate the highest common factor of n and m.
15
Let o = 94 + -10. Suppose 3*i = -i + o. Calculate the greatest common factor of i and 7.
7
Let x be (6 - 5)/((-1)/(-4)). Suppose 5*p - 11 = h - x*h, -3*h + 15 = 3*p. Calculate the greatest common factor of 7 and h.
7
Let u(k) = -k**3 + 5*k**2 + 10*k - 7. Let r be u(6). Suppose -h = -5*j - 17, h + 3*h - 68 = 3*j. What is the highest common divisor of r and h?
17
Suppose -2*t + 17 = y, 3*y = 5*t - 2*t + 96. Let w(r) = 8*r - 5. Let v be w(4). What is the highest common divisor of y and v?
27
Suppose -35 + 11 = 3*q. Let d = q + 0. Let b(a) = -a**3 - 9*a**2 - 10*a - 11. Let z be b(d). Calculate the highest common divisor of z and 55.
5
Suppose 5*g - 2*d + 25 = 302, 65 = g + 2*d. Suppose 124 = 5*v + 29. Calculate the greatest common divisor of v and g.
19
Let g(b) = -b**3 - 3*b**2 + 6*b - 1. Let t be g(-5). Calculate the highest common factor of t and 209.
19
Suppose -5*x = 3*v - 483, -5*x = -3*v + 41 + 442. Calculate the greatest common factor of 23 and v.
23
Let m be 115 - (-4*1 + 2). Suppose -4*v - 10 = -62. Calculate the highest common divisor of v and m.
13
Suppose 60 = -0*w + 5*w. Let l = -6 - -8. Let r be (3/l)/((-6)/(-96)). Calculate the greatest common divisor of r and w.
12
Let w be (-6)/10 + (-446)/(-10). Let a(b) = b**2 + b + 4. Let y be a(4). Suppose 3*x - 5*g = 2, 5*x + g - y = -g. What is the highest common divisor of w and x?
4
Let p(r) = -1 + 16 + 0*r - 4 + r**2 - r. Let l be p(0). What is the highest common divisor of l and 33?
11
Let m be 5*(6/(-10) - -1). Suppose 0 = 3*i + 3*u - 48, -m*u - 16 = -5*i + 85. What is the greatest common divisor of i and 38?
19
Let p(x) = -x + 28. Let s be p(14). Calculate the greatest common factor of s and 14.
14
Let t = -27 + 51. Suppose -q + 24 = 3*v, 6*v = 5*v + 2*q + 15. Suppose y = -3*d - v, 2*y - y - 19 = 4*d. Calculate the highest common factor of y and t.
3
Let z = -11 - -110. Let u be 2/1 + 6/(-3). Let x(k) = k**2 + 11. Let d be x(u). Calculate the greatest common factor of z and d.
11
Suppose 3*h = 153 + 45. Let b be -1 + (-3)/(-1) - -1. Suppose 6 = b*z - 3*l, -6*l = z - 2*l - 22. Calculate the greatest common factor of h and z.
6
Let z be -2*(-9)/(-6) + (22 - -2). Calculate the highest common factor of z and 105.
21
Let k be (-15)/6*(-2 - 0). Suppose k*j = 3*j + 360. Suppose -2*d - 3*d + j = 0. What is the highest common factor of 18 and d?
18
Suppose 4*y + 3 = 19. Suppose 3*h - y*l = 13, -5 = h + l - 0. Let n be (30/7)/(h/(-7)). Calculate the greatest common factor of 10 and n.
10
Suppose 4*h = -0*h + 20. Let c(u) be the second derivative of u**5/20 - u**4/6 + 5*u**2/2 - 5*u. Let j be c(h). What is the highest common divisor of j and 32?
16
Let b be 3/((-6)/21 + (-244)/(-560)). Calculate the highest common factor of b and 10.
10
Let c be (-22)/(-2) - (-2 - -1). Suppose 0 = 5*n - 0 - 25. Suppose 0 = 4*h + k - 52, 5*h + 15 = n*k + 55. Calculate the highest common factor of h and c.
12
Suppose 28 = 2*a - 0*a. What is the greatest common factor of 98 and a?
14
Let d(q) = -q + 15. Let v be d(-9). Calculate the highest common factor of 8 and v.
8
Suppose -2*k + 5*a + 33 = 0, 0 = 4*a - 0*a - 12. Suppose 3*x - n - 24 = 0, 27 = 5*x - 4*n - 20. Let z = x + 1. Calculate the greatest common divisor of k and z.
8
Let q = -26 + 28. Calculate the greatest common factor of 1 and q.
1
Let l(h) = -h**2 + 9*h + 1. Let c be l(7). Calculate the greatest common factor of c and 3.
3
Let v(x) = x**2 + 4*x + 3. Let f be v(-4). Suppose g = 4*r - 6, f*r + g - 14 = -3*g. What is the greatest common divisor of r and 2?
2
Suppose -3*r + 2 = q, 2*q - q - 3*r = 2. What is the highest common divisor of 1 and q?
1
Let g = 79 - 69. What is the highest common factor of 35 and g?
5
Let m(b) = -b**3 + 14*b**2 + 17*b - 24. Let u be m(15). Let n be (-2)/(-5) + 8/5. Calculate the highest common factor of n and u.
2
Let j be (2/5)/(5/25). Suppose -10 = -2*v, v = -c + j*v + 75. What is the highest common factor of c and 10?
10
Let v = -200 + 387. What is the greatest common divisor of v and 17?
17
Suppose 4*o + 2 = -5*f + 49, -3*f + o + 18 = 0. Calculate the highest common divisor of f and 7.
7
Suppose 2*l + 0*l = 288. Let o = 11 - 39. Let z = 44 + o. What is the greatest common factor of l and z?
16
Let o = 13 - 11. What is the greatest common divisor of 10 and o?
2
Suppose -3*q = 4*z + 7, -5*q - 28 + 7 = 2*z. Suppose h - 8 = 2*r, z*r - 26 = -2*h + r. What is the greatest common factor of h and 6?
6
Suppose -3*u - 11 = 1. Let w be (11/4)/((-1)/u). What is the greatest common factor of 33 and w?
11
Let w = -63 - -91. Calculate the greatest common factor of 14 and w.
14
Let d be -1*0/((-2)/(-1)). Let s = d - -19. What is the highest common divisor of s and 57?
19
Let r be (-5)/(100/(-4208)) - 2/5. Calculate the highest common divisor of 30 and r.
30
Let p(x) = -2*x + 1. Let z be p(-4). Let g = -3 + z. Let a be ((-32)/g)/(2/(-9)). Calculate the highest common factor of a and 16.
8
Suppose 5*b - 235 = 40. Calculate the highest common divisor of b and 11.
11
Let p be ((-8)/(-3))/((-8)/(-36)). Let n = -19 - -67. Calculate the highest common factor of p and n.
12
Let k = -20 - -11. Let f = 21 + k. Suppose -5*s - 10 = 0, s - 20 - 374 = -3*v. Calculate the highest common divisor of v and f.
12
Suppose 0*q + 2*q = 68. Let z(r) = 2*r**2 - 5*r - 100. Let h be z(9). Calculate the greatest common factor of h and q.
17
Let x be 69 - (-2)/4*2. What is the highest common factor of x and 14?
14
Suppose -8*b + 9 - 1 = 0. What is the greatest common factor of 5 and b?
1
Let k(s) = 3*s. Let i be (0 + -2)/((-18)/27). Let p be k(i). Calculate the highest common divisor of 9 and p.
9
Suppose 0 = -4*p + 9*p - 80. Let m(a) = 4*a. Let y be m(2). Let s = 12 - y. Calculate the greatest common factor of s and p.
4
Suppose -106*z + 119*z = 897. Let y(l) = -l + 6. Let h be y(6). Let m be h + 1/(2/92). What is the highest common divisor of m and z?
23
Let l(j) = j**3 + 4*j**2 + j. Let u = 3 - 6. Let p be l(u). Suppose 3*a - 2*z = 19 + p, 0 = -5*a + 4*z + 39. What is the highest common factor of 77 and a?
11
Let c(u) = 10*u - 1. Let n be c(2). Calculate the greatest common factor of n and 19.
19
Let s(d) = 4*d + 3. Let w be s(0). Calculate the highest common factor of 3 and w.
3
Let q(t) = t**3 + t**2 - t + 9. Let d be q(0). Let z(k) = -5*k + 13*k**2 - 12*k**2 - d - 4*k. Let s be z(-6). What is the greatest common factor of s and 9?
9
Suppose 3*r - 7 + 4 = 0. Calculate the greatest common factor of 5 and r.
1
Let h be 3/6 - (-606)/4. Calculate the highest common factor of 19 and h.
19
Suppose 15 = -0*j + 5*j. Suppose -f + 8 = j*f. Calculate the greatest common factor of 22 and f.
2
Suppose -2*n - 4 = -18. Suppose -4*m + 17 = -n. What is the highest common factor of 54 and m?
6
Suppose 2*i - 96 = -i. Let x(v) = -3*v + 5. Let t be x(-1). Calculate the greatest common divisor of i and t.
8
Let b(h) = 5*h - 30. Let z be b(12). What is the greatest common divisor of z and 150?
30
Let a(j) = -j**2 - 9*j + 1. Let b(s) = -3*s**2 - s + 2. Let m be b(-2). Let q be a(m). What is the greatest common factor of 99 and q?
9
Suppose 0 = 7*h - 325 - 67. What is the highest common divisor of h and 14?
14
Suppose -v + 6*v = -15. Let r(p) = -p**3 - 2*p**2 - 2*p - 3. Let f be r(v). Calculate the highest common factor of f and 60.
12
Let t = 22 + 33. Calculate the greatest common divisor of t and 11.
11
Suppose -3*t = -22 - 2. Let y = 60 - 36. Calculate the highest common divisor of y and t.
8
Let t(c) = -44*c + 11. Let z be t(-8). Let f be (2/5 - 0)*10. Let g be z*((-12)/(-9))/f. What is the greatest common factor of 11 and g?
11
Suppose -2*r = 10, -3*r - 31 = -c - 0*c. Let u be (1 + 5)/(12/c). What is the greatest common divisor of u and 1?
1
Suppose -2*y = -0 - 12. What is the highest common divisor of 66 and y?
6
Let p be -2 + (-1 - -7) + 0. Let v = 55 + -23. Suppose -16 = -p*b, v = -0*i + 4*i - b. Calculate the highest common factor of 99 and i.
9
Suppose -3*q - 6 = 0, -5*q - 22 